e g(-7).
0
Let n(y) = 618*y - 1 - 311*y - 304*y. What is n(-5)?
-16
Let p(d) be the third derivative of -4/3*d**3 + 0*d - 21*d**2 + 7/60*d**5 + 1/120*d**6 - 1/12*d**4 + 0. Give p(-7).
6
Let p(h) = 3*h - 4*h**2 - 3*h**2 - 1 - 5*h. Let b(c) = 141*c + 281. Let m be b(-2). Calculate p(m).
-6
Let h(y) = -y + 5. Let n be h(-3). Let t(l) = 14*l + n + 3*l - 15*l. What is t(-7)?
-6
Let t(d) be the second derivative of -d**5/20 + 7*d**4/4 - 7*d**2 + 762*d. Calculate t(21).
-14
Let u(k) = -17*k + 22*k - 2*k**2 - k - 3. Let f(m) = -m**3 - 3*m**2 - m - 1. Let b be f(-3). What is u(b)?
-3
Let o(c) = 2*c + 4 + 4*c**3 - 2*c**2 + 2*c**2. Let i be 6/4*(-64 + 62). Let l(p) = -3*p**3 - p**2 - p - 3. Let z(m) = i*l(m) - 2*o(m). What is z(-3)?
4
Let w = -10 + 19. Let l(o) = o - 7. Calculate l(w).
2
Let i = 90 + -46. Let u = -43 + i. Let l(g) = 3*g**3 + 0*g**3 + 3*g**3. Give l(u).
6
Let r(z) be the third derivative of z**6/120 + z**5/20 - z**3/6 + 44*z**2. Calculate r(-3).
-1
Let c(r) = 2*r**2 - r. Let a(x) = -2*x**2. Let j(t) = -3*a(t) - 4*c(t). Give j(3).
-6
Suppose 6*f - 28 = -22. Let t(u) be the second derivative of 1/2*u**2 + 2*u - 7/6*u**3 + 0. Determine t(f).
-6
Let k(p) = p**2 - 5*p + 3. Let i be k(5). Let l(z) = -5*z**3 + 3*z**3 - 4*z**2 - 2 + z**i + 5*z**2. Suppose -26*b = -22*b + 8. What is l(b)?
10
Let i(o) = -1 + 226*o - 220*o + 0. Let h = 16 + -15. What is i(h)?
5
Let i be (-6)/(-24)*12 + -3. Suppose -32 = -2*n - 2*n. Let s(t) = -18*t + n*t + i*t + 2. Determine s(2).
-18
Let a(j) = -j**2 - 2*j + 1. Let v(l) = 4*l**2 - 7*l + 4. Let i(c) = 2*a(c) - v(c). Give i(1).
-5
Let r(m) = -m**3 + 5*m**2 - 2*m + 3. Suppose 8 = 2*t - 2. Determine r(t).
-7
Let b(i) be the second derivative of i**7/1260 - i**6/720 + i**5/120 - 7*i**4/12 - 4*i. Let u(s) be the third derivative of b(s). Determine u(2).
7
Let q(r) be the third derivative of -r**6/120 - r**5/60 - r**4/12 - 2*r**3/3 - 29*r**2 + 3. Determine q(0).
-4
Let s(k) be the second derivative of 0 + 1/6*k**3 - 1/2*k**4 + 1/2*k**2 + 8*k. Give s(-1).
-6
Let o be ((-4)/6)/(8/(-36)). Let q(u) = u**o - u**2 + 0*u**3 - 4*u**2 - 7 - 4*u. Suppose -8 = -w - 2*n + 8, 4*n = w + 14. Determine q(w).
5
Let r = 272 - 278. Let w(v) = v - 7. Let y be w(7). Let m(q) = -8*q + y*q - 8 + 0*q - q**2. Calculate m(r).
4
Suppose -5*o - 13 = -2*v, -5*o + 5 = 20. Let r be (-4*(-1 + 3))/v. Let k be 6/(-4)*r/6. Let p(f) = 2*f**2 + 3*f. What is p(k)?
2
Let c(s) be the first derivative of 2*s**2 + 1/3*s**3 + 0*s + 1. Suppose 0*z + 2*z = x - 1, -21 = 5*x + 3*z. Determine c(x).
-3
Let y(c) be the third derivative of 1/60*c**5 - 20*c**2 + 0*c + 0 - 7/24*c**4 + 2/3*c**3. Suppose 0*i - 7 = -i. Determine y(i).
4
Let y(v) be the first derivative of -v**3/3 - 3*v**2/2 - 3*v - 7. Suppose a + 5 = 2. Calculate y(a).
-3
Let k(c) be the second derivative of -c**8/6720 + c**7/420 + c**6/720 + c**5/40 - c**4/3 + 9*c. Let a(z) be the third derivative of k(z). What is a(6)?
9
Let d(z) = -9*z + 7. Let v(o) = 17*o - 14. Let r(y) = 11*d(y) + 6*v(y). Determine r(2).
-1
Let v(r) = 4*r**2 - 11*r - 4. Let z(p) = 2*p**2 - 5*p - 2. Let s(k) = 3*v(k) - 7*z(k). Let f = 605 - 602. Determine s(f).
-10
Let f = -2 + 0. Let p be 0/(2/f + -1). Let v(d) be the third derivative of d**6/120 - d**5/60 - d**4/24 - 7*d**3/6 - 7*d**2. What is v(p)?
-7
Let k(d) be the first derivative of -3*d**2 - d + 3. Suppose 0 = -4*w + n - 7, 18 = -2*w - 4*n - 8. Calculate k(w).
17
Let z(j) be the second derivative of -j**3/6 + 3*j**2/2 + j - 2. Suppose 4*d = -n - 8, 4*n - 5*d - 7 = 3. Determine z(n).
3
Let b(a) = 2*a - 5*a - 2 + 2*a. Suppose 604 = -q + 598. Give b(q).
4
Suppose 18*w + 1 = -35. Let m(k) = k**3 + 4*k**2 + 2*k - 2. Give m(w).
2
Let l(b) = -3*b**2 - 4 - 928*b + 3 + 925*b. Calculate l(-3).
-19
Let h(u) = 8*u + 1. Let o(m) = -22 + 11*m + 24 + 12*m. Let v(t) = -11*h(t) + 4*o(t). Give v(2).
5
Let c(q) = -3*q + 12 - 10*q + 23*q - 7*q - 2*q. Calculate c(-16).
-4
Let x(a) = a**3 - a**2 + 2*a - 1. Let v be x(1). Let y(r) = 4*r - 28532 + 57061 - 28530. Determine y(v).
3
Let c(z) = 263 + 251 - 2*z + 0*z - 526. Calculate c(-9).
6
Let w(q) = -2*q - 5. Let l be (0 + -2)/((-1)/2). Suppose -3*f + 37 = 5*y, -l*f - 11 = -8*f + y. What is w(f)?
-13
Let w(c) = c**3 - 7*c**2 + 6*c. Let j be w(6). Suppose -2*n = -0*x + 5*x + 19, -x + 2*n - 11 = j. Let t(o) = 2 - 3*o - 5 + 2. Determine t(x).
14
Let x(s) = 2*s**2 - 3*s + 2. Let r(w) = w**2 + 4*w. Let n be r(-4). Suppose n = 3*t + 5*d + 6, -d - 15 = -4*t - 0*d. Give x(t).
11
Let c(k) be the third derivative of k**9/60480 - k**8/5040 + k**7/1008 + k**6/720 - 7*k**5/15 + 33*k**2. Let n(z) be the third derivative of c(z). Give n(4).
21
Let o(v) = -5*v**2 - 10*v. Let s(m) = -3*m**2 - 5*m. Let a(y) = 4*o(y) - 7*s(y). Give a(5).
0
Let t(v) be the third derivative of v**4/24 - v**3 - 10*v**2. Let w be ((-40)/15)/((-2)/6). What is t(w)?
2
Let h(m) = -m**2 + 3*m - 3. Let v = -1 + 35. Suppose -9*l - 7 = -v. Determine h(l).
-3
Let i(a) be the first derivative of -a**2/2 + 20*a + 204. Calculate i(11).
9
Let c be -4*2/(-16)*14. Let p = 5 - c. Let i be p/(-6) - (-40)/24. Let j(o) = 2*o**2 - 2*o - 1. What is j(i)?
3
Let z(h) = -h**2 - 3*h + 1. Suppose 21 = -3*y + 111. Suppose 5*t + 140 = y. Let m = t + 19. Calculate z(m).
1
Let x = 149 - 142. Let h(t) = -t**3 + 8*t**2 - 7*t - 9. Give h(x).
-9
Let h(m) = 3*m - 4. Let n be 9*(48/(-9))/(-2). Let w = -22 - -16. Let u be w/(-4)*64/n. What is h(u)?
8
Let t(d) = -d**3 - 4*d**2 + 4*d + 3. Let a be t(-5). Let r be a - (0 + 1)*3. Let l(x) = -x**2 + 6*x - 3. Calculate l(r).
2
Let i(s) be the third derivative of 0 - s - 11/24*s**4 + 5*s**2 + 0*s**3. Determine i(-2).
22
Let q(b) = -b**3 + b**2 - b + 32. Let o = 265 - 265. What is q(o)?
32
Let s(p) be the third derivative of 1/8*p**4 + 0*p - 1/20*p**5 + 1/720*p**6 + 0 + 0*p**3 + 4*p**2. Let t(q) be the second derivative of s(q). Give t(6).
0
Let s(m) be the first derivative of m**3/3 - 3*m**2/2 + 2*m - 119. Let t = 43 - 25. Suppose 3 = -5*a + t. What is s(a)?
2
Let c be (-3 + (10 - 12))*(-28)/(-10). Let x(t) = t + 14. Give x(c).
0
Let m(o) = 2*o + o + 28 + o**2 - 25. Let a = -4 + 11. Suppose -a*i - 6 = -5*i. Calculate m(i).
3
Let k(x) = x**3 - 4*x**2 - 5*x - 7. Suppose -9 = 3*q - 0*a - 3*a, 6 = -2*q + 3*a. Let p = -1 - q. Let j be 5 + -2 - p/(-1). Give k(j).
-7
Let o(m) = -m**2 + 5*m - 1. Let b be 1/(2/(-4) - -1). Suppose -5*q + 25 = 5*i, 4 = 4*q - i + 9. Suppose b*p - 6 = -q. Calculate o(p).
5
Let y(k) = 9*k**2 - 20*k + 25. Let f(t) = 4*t**2 - 10*t + 12. Suppose 5*b = -3*d + 16, 2*d + b + 11 = 2*b. Let h(g) = d*y(g) + 7*f(g). Give h(9).
0
Let o(m) = 47*m - 6*m**2 - 49*m + 0*m**3 + 3*m**2 - m**3. Give o(-2).
0
Let r(h) be the second derivative of h**4/24 - h**3/2 + 37*h**2/2 + 33*h. Let f(z) be the first derivative of r(z). What is f(-3)?
-6
Let i(t) = -2*t**2 + t - 1. Let l(n) = 15*n**2 - 5*n + 15. Let z(y) = -7*i(y) - l(y). What is z(0)?
-8
Let k(h) be the second derivative of h**5/20 + h**4/2 + 5*h**3/6 + 3*h**2 - 1198*h. Let z = 5 - 10. Determine k(z).
6
Let p(h) = -3*h**2 - h - 2. Suppose 8*r - 22*r = 14. Give p(r).
-4
Suppose 3*v - w = v + 16, -5*v - 5*w + 10 = 0. Let b(z) be the first derivative of -v - 4*z + 3*z**2 + 1/3*z**3. What is b(-6)?
-4
Let n(x) = -2*x + 1 - 7*x**2 + 2*x**2 + 2*x**2. Let z be n(-2). Let g(i) be the third derivative of -i**5/60 - i**4/4 + i**3/2 - 30*i**2. Calculate g(z).
-4
Let o(r) = -9*r**2 + 6*r - 2. Let m(d) = -5*d**2 + 3*d - 1. Let z(v) = -11*m(v) + 6*o(v). Determine z(-3).
-1
Let u be 1/(-7) - 215/(-35). Let g be u/8 + (-247)/52. Let b(t) = -t**3 - 4*t**2 + t - 5. Determine b(g).
-9
Let n(z) = -z**3 + 10*z - 3. Let x be n(3). Let b(v) = -3*v - 5. What is b(x)?
-5
Let y(j) = -11*j - 2*j - 44257 + 44274 + j**2. Determine y(6).
-25
Let y(k) = 2*k**2 + k**3 - 6*k**2 - 82 + 87 - 4*k. Calculate y(6).
53
Let j(i) = -i**3 + 2*i**2 - 1. Let y be j(2). Let p(g) be the first derivative of 3*g**2 + g + 10. What is p(y)?
-5
Let m = -680 - -672. Let w(o) = -3*o - 12. Calculate w(m).
12
Suppose 14*d = -39 + 53. Let c(o) = -18*o**2 + 1. Calculate c(d).
-17
Let v(k) = -k**2 + k. Suppose 5*n - 5*a = -45, -5*n - 45 + 16 = 3*a. Let z = n - -6. Let h(x) = -7*x**2 + 5*x. Let d(q) = z*h(q) + 6*v(q). Give d(-2).
2
Let o be -2 + 17/12 + 12/16. Let r(z) be the second der